{"id":27,"date":"2021-01-08T17:01:08","date_gmt":"2021-01-08T17:01:08","guid":{"rendered":"https:\/\/wp.marras.ch\/?page_id=27"},"modified":"2021-01-08T17:17:34","modified_gmt":"2021-01-08T17:17:34","slug":"kontakt","status":"publish","type":"page","link":"https:\/\/wp.marras.ch\/index.php\/kontakt\/","title":{"rendered":"Kontakt"},"content":{"rendered":"\n<p class=\"has-text-align-left\">Praxis f\u00fcr Neuropsychologie<br>M Sc Melanie Sch\u00fcpbach<br>Fachpsychologin f\u00fcr Neuropsychologie FSP<\/p>\n\n\n\n<p class=\"has-text-align-left\">Hauptstrasse 112<br>4313 M\u00f6hlin<\/p>\n\n\n\n<p class=\"has-text-align-left\">Tel.: 0041 79 694 69 59<br>e-Mail: <a href=\"mailto:melanie.schuepbach@fsp-hin.ch\">melanie.schuepbach@fsp-hin.ch<\/a><\/p>\n","protected":false},"excerpt":{"rendered":"<p>Praxis f\u00fcr NeuropsychologieM Sc Melanie Sch\u00fcpbachFachpsychologin f\u00fcr Neuropsychologie FSP Hauptstrasse 1124313 M\u00f6hlin Tel.: 0041 79 694 69 59e-Mail: melanie.schuepbach@fsp-hin.ch<\/p>\n","protected":false},"author":1,"featured_media":0,"parent":0,"menu_order":0,"comment_status":"closed","ping_status":"closed","template":"","meta":{"footnotes":""},"class_list":["post-27","page","type-page","status-publish","hentry"],"_links":{"self":[{"href":"https:\/\/wp.marras.ch\/index.php\/wp-json\/wp\/v2\/pages\/27","targetHints":{"allow":["GET"]}}],"collection":[{"href":"https:\/\/wp.marras.ch\/index.php\/wp-json\/wp\/v2\/pages"}],"about":[{"href":"https:\/\/wp.marras.ch\/index.php\/wp-json\/wp\/v2\/types\/page"}],"author":[{"embeddable":true,"href":"https:\/\/wp.marras.ch\/index.php\/wp-json\/wp\/v2\/users\/1"}],"replies":[{"embeddable":true,"href":"https:\/\/wp.marras.ch\/index.php\/wp-json\/wp\/v2\/comments?post=27"}],"version-history":[{"count":2,"href":"https:\/\/wp.marras.ch\/index.php\/wp-json\/wp\/v2\/pages\/27\/revisions"}],"predecessor-version":[{"id":47,"href":"https:\/\/wp.marras.ch\/index.php\/wp-json\/wp\/v2\/pages\/27\/revisions\/47"}],"wp:attachment":[{"href":"https:\/\/wp.marras.ch\/index.php\/wp-json\/wp\/v2\/media?parent=27"}],"curies":[{"name":"wp","href":"https:\/\/api.w.org\/{rel}","templated":true}]}}