{"id":23,"date":"2021-01-08T16:59:48","date_gmt":"2021-01-08T16:59:48","guid":{"rendered":"https:\/\/wp.marras.ch\/?page_id=23"},"modified":"2021-01-08T16:59:48","modified_gmt":"2021-01-08T16:59:48","slug":"ueber-mich","status":"publish","type":"page","link":"https:\/\/wp.marras.ch\/index.php\/ueber-mich\/","title":{"rendered":"\u00dcber mich"},"content":{"rendered":"\n<p>Ein respektvoller, freundlicher und wertsch\u00e4tzender Umgang mit allen Lebewesen liegt mir sehr am Herzen. Ich mag es, in der freien Natur zu sein, mich mit Menschen zu umgeben und am Leben meiner Mitmenschen teilzunehmen.<\/p>\n\n\n\n<p>Bei meiner Arbeit als Neuropsychologin ist es mir wichtig, den Menschen, die den Weg in meine Praxis finden, mit Einf\u00fchlungsverm\u00f6gen, Offenheit und Geduld zu begegnen und sie mit Toleranz und Neugier zu unterst\u00fctzen und begleiten. Dabei beziehe ich nach M\u00f6glichkeit das Umfeld der Betroffenen in den Behandlungsprozess mit ein \u2013 z.B. Familie und nahe Angeh\u00f6rige, Schule, Beruf oder andere involvierte Fachpersonen \u2013 wenn dies auch der Wunsch der Betroffenen ist.<\/p>\n\n\n\n<p>Dank meiner langj\u00e4hrigen Erfahrung als Neuropsychologin mit Kindern\/Jugendlichen und Erwachsenen, kann ich Sie in meiner Praxis kompetent und in einer angenehmen und vertrauensvollen Atmosph\u00e4re auf Ihrem Weg begleiten.<\/p>\n\n\n\n<p><strong>Aus- und Weiterbildung<\/strong><\/p>\n\n\n\n<p>Seit 2015<br>Weiterbildungen in Lerncoaching, achtsamkeitsbasierten Verfahren und Meditation<\/p>\n\n\n\n<p>2008 \u2013 2018<br>Fachpsychologin f\u00fcr Neuropsychologie FSP<\/p>\n\n\n\n<p>2005 \u2013 2007<br>Master of Science in Psychologie in Kognitions- und Neurowissenschaften, Universit\u00e4t Basel<\/p>\n\n\n\n<p>2002 \u2013 2005<br>Bachelor of Science in Psychologie, Universit\u00e4t Basel<\/p>\n\n\n\n<p><strong>Beruflicher Werdegang<\/strong><\/p>\n\n\n\n<p>Seit 2019<br>Selbst\u00e4ndige Neuropsychologin in eigener Praxis, M\u00f6hlin<\/p>\n\n\n\n<p>Seit 2017<br>Selbst\u00e4ndige Neuropsychologin in eigener Praxis, Therwil<\/p>\n\n\n\n<p>Seit 2017<br>Lese- und Rechtschreibtherapeutin, Primarschule Zeiningen<br>Arbeitsschwerpunkt: Abkl\u00e4rungen der Lese-Rechtschreibfertigkeiten und Einzeltherapie bei Sch\u00fclern ab Primarstufe<\/p>\n\n\n\n<p>2012 \u2013 2018<br>Neuropsychologin in der p\u00e4diatrischen Gemeinschaftspraxis am Rennweg, Dres. P. Avoledo, S. Jourdan Basel<br>Arbeitsschwerpunkt: ADS\/ADHS-Abkl\u00e4rungen bei Kindern und Jugendlichen<\/p>\n\n\n\n<p>2012 \u2013 2015<br>Neuropsychologin in der Privatklinik im Park, neurologische Rehabilitation, Schinznach-Bad<br>Arbeitsschwerpunkt: Neuropsychologische Abkl\u00e4rungen und Therapie bei Erwachsenen, vorwiegend mit cerebralem Infarkt und neurologischen Erkrankungen wie MS, Parkinsonkrankheit, Hirntumor<\/p>\n\n\n\n<p>2012<br>Neuropsychologin in der Neurop\u00e4diatrie und Neurorehabilitation des Inselspitals, Bern<br>Arbeitsschwerpunkt: ADS\/ADHS-Abkl\u00e4rungen bei Kindern und Jugendlichen<\/p>\n\n\n\n<p>2011 \u2013 2012<br>Neuropsychologin im Kinder- und Jugendpsychiatrischen Dienst, Bruderholz<br>Arbeitsschwerpunkt: ADS\/ADHS-, Autismus-Spektrum-Abkl\u00e4rungen sowie neuropsychologische Einzel- und Gruppentherapie bei Kindern und Jugendlichen<\/p>\n\n\n\n<p>2010 \u2013 2011<br>Neuropsychologin im Epilepsiezentrum des Universit\u00e4tsklinikums, Freiburg i. Br.<br>Arbeitsschwerpunkt: Abkl\u00e4rungen bei Kindern, Jugendlichen und Erwachsenen mit Epilepsie<\/p>\n\n\n\n<p>2008 \u2013 2010<br>Neuropsychologin in der Z\u00fcrcher H\u00f6henklinik Wald, neurologische Rehabilitation, Faltigberg-Wald<br>Arbeitsschwerpunkt: Neuropsychologische Abkl\u00e4rungen und Therapie bei Erwachsenen, vorwiegend mit cerebralem Infarkt, Demenz und neurologischen Erkrankungen wie MS, Parkinsonkrankheit, Hirntumor<\/p>\n\n\n\n<p>2007 \u2013 2008<br>Forschungst\u00e4tigkeit in der Fachstelle f\u00fcr psychiatrische Rehabilitation, Kantonale Psychiatrische Klinik, Liestal<\/p>\n\n\n\n<p><strong>Mitgliedschaften<\/strong><\/p>\n\n\n\n<p>Schweizerische Vereinigung der Neuropsychologinnen und Neuropsychologen, SVNP<\/p>\n\n\n\n<p>F\u00f6deration der Schweizer Psychologinnen und Psychologen, FSP<\/p>\n","protected":false},"excerpt":{"rendered":"<p>Ein respektvoller, freundlicher und wertsch\u00e4tzender Umgang mit allen Lebewesen liegt mir sehr am Herzen. Ich mag es, in der freien&hellip;<\/p>\n","protected":false},"author":1,"featured_media":0,"parent":0,"menu_order":0,"comment_status":"closed","ping_status":"closed","template":"","meta":{"footnotes":""},"class_list":["post-23","page","type-page","status-publish","hentry"],"_links":{"self":[{"href":"https:\/\/wp.marras.ch\/index.php\/wp-json\/wp\/v2\/pages\/23","targetHints":{"allow":["GET"]}}],"collection":[{"href":"https:\/\/wp.marras.ch\/index.php\/wp-json\/wp\/v2\/pages"}],"about":[{"href":"https:\/\/wp.marras.ch\/index.php\/wp-json\/wp\/v2\/types\/page"}],"author":[{"embeddable":true,"href":"https:\/\/wp.marras.ch\/index.php\/wp-json\/wp\/v2\/users\/1"}],"replies":[{"embeddable":true,"href":"https:\/\/wp.marras.ch\/index.php\/wp-json\/wp\/v2\/comments?post=23"}],"version-history":[{"count":1,"href":"https:\/\/wp.marras.ch\/index.php\/wp-json\/wp\/v2\/pages\/23\/revisions"}],"predecessor-version":[{"id":24,"href":"https:\/\/wp.marras.ch\/index.php\/wp-json\/wp\/v2\/pages\/23\/revisions\/24"}],"wp:attachment":[{"href":"https:\/\/wp.marras.ch\/index.php\/wp-json\/wp\/v2\/media?parent=23"}],"curies":[{"name":"wp","href":"https:\/\/api.w.org\/{rel}","templated":true}]}}