{"id":19,"date":"2021-01-08T16:58:37","date_gmt":"2021-01-08T16:58:37","guid":{"rendered":"https:\/\/wp.marras.ch\/?page_id=19"},"modified":"2021-01-08T16:58:37","modified_gmt":"2021-01-08T16:58:37","slug":"lerncoaching","status":"publish","type":"page","link":"https:\/\/wp.marras.ch\/index.php\/lerncoaching\/","title":{"rendered":"Lerncoaching"},"content":{"rendered":"\n<p>Unter Lerncoaching wird die Begleitung und Unterst\u00fctzung von Kindern, Jugendlichen und Erwachsenen in Lernsituationen verstanden. Dabei soll die Entwicklung und Erweiterung der individuellen Lernkompetenz im Vordergrund stehen. Eigene St\u00e4rken und Ressourcen werden herausgearbeitet, Lerntechniken sollen erlernt und Strategien entwickelt werden. Auch spezifische Lernst\u00f6rungen wie z.B. Lese-Rechtschreibschw\u00e4che oder Rechenschw\u00e4che k\u00f6nnen im Rahmen eines Lerncoachings verbessert werden. Lerncoaching soll helfen, positive Gef\u00fchle beim Lernen sowie ein Vertrauen in die eigene Lernkompetenz zu entwickeln oder zur\u00fcck zu gewinnen.<\/p>\n\n\n\n<p><strong>Mein Angebot<\/strong><\/p>\n\n\n\n<p>Unterst\u00fctzung von Kindern, Jugendlichen und Erwachsenen mit<\/p>\n\n\n\n<ul class=\"wp-block-list\"><li>allgemeinen Lernschwierigkeiten<\/li><li>Lese-Rechtschreibschw\u00e4che<\/li><li>Unorganisiertheit \/ Planungsproblemen<\/li><li>lernbezogenen \u00c4ngsten, Unsicherheiten, Selbstwertproblemen<\/li><\/ul>\n\n\n\n<p>Beratung von Bezugspersonen (Eltern, Lehrpersonen, Partnern) im Umgang mit den Lernschwierigkeiten<\/p>\n","protected":false},"excerpt":{"rendered":"<p>Unter Lerncoaching wird die Begleitung und Unterst\u00fctzung von Kindern, Jugendlichen und Erwachsenen in Lernsituationen verstanden. Dabei soll die Entwicklung und&hellip;<\/p>\n","protected":false},"author":1,"featured_media":0,"parent":0,"menu_order":0,"comment_status":"closed","ping_status":"closed","template":"","meta":{"footnotes":""},"class_list":["post-19","page","type-page","status-publish","hentry"],"_links":{"self":[{"href":"https:\/\/wp.marras.ch\/index.php\/wp-json\/wp\/v2\/pages\/19","targetHints":{"allow":["GET"]}}],"collection":[{"href":"https:\/\/wp.marras.ch\/index.php\/wp-json\/wp\/v2\/pages"}],"about":[{"href":"https:\/\/wp.marras.ch\/index.php\/wp-json\/wp\/v2\/types\/page"}],"author":[{"embeddable":true,"href":"https:\/\/wp.marras.ch\/index.php\/wp-json\/wp\/v2\/users\/1"}],"replies":[{"embeddable":true,"href":"https:\/\/wp.marras.ch\/index.php\/wp-json\/wp\/v2\/comments?post=19"}],"version-history":[{"count":1,"href":"https:\/\/wp.marras.ch\/index.php\/wp-json\/wp\/v2\/pages\/19\/revisions"}],"predecessor-version":[{"id":20,"href":"https:\/\/wp.marras.ch\/index.php\/wp-json\/wp\/v2\/pages\/19\/revisions\/20"}],"wp:attachment":[{"href":"https:\/\/wp.marras.ch\/index.php\/wp-json\/wp\/v2\/media?parent=19"}],"curies":[{"name":"wp","href":"https:\/\/api.w.org\/{rel}","templated":true}]}}