{"id":16,"date":"2021-01-08T16:56:00","date_gmt":"2021-01-08T16:56:00","guid":{"rendered":"https:\/\/wp.marras.ch\/?page_id=16"},"modified":"2021-01-08T16:56:00","modified_gmt":"2021-01-08T16:56:00","slug":"therapie","status":"publish","type":"page","link":"https:\/\/wp.marras.ch\/index.php\/therapie\/","title":{"rendered":"Therapie"},"content":{"rendered":"\n<p>Bei der neuropsychologischen Therapie steht die Behandlung der beeintr\u00e4chtigten kognitiven Funktionen im Vordergrund, unter Ber\u00fccksichtigung und Einbezug der emotionalen und sozialen Kompetenzen. Das Ziel der neuropsychologischen Therapie ist es, die Selbstst\u00e4ndigkeit im Alltag, der Schule oder im Beruf zu erhalten, zu verbessern oder wiederzuerlangen. Zur neuropsychologischen Therapie geh\u00f6rt ausserdem die Unterst\u00fctzung und Beratung von Angeh\u00f6rigen und Bezugspersonen.<\/p>\n\n\n\n<p><strong>Mein Angebot:<\/strong><\/p>\n\n\n\n<p>F\u00fcr Kinder, Jugendliche und Erwachsene<\/p>\n\n\n\n<ul class=\"wp-block-list\"><li>Spezifische neuropsychologische Therapie bei Aufmerksamkeitsproblemen, z.B. bei ADS\/ADHS<\/li><li>Beratung und Unterst\u00fctzung von Eltern und Lehrpersonen bei schwierigen Verhaltensweisen im Umgang mit Kindern\/Jugendlichen mit ADS\/ADHS<\/li><li>Neuropsychologische Funktionstherapie bzw. kognitives Training (teilweise computergest\u00fctzt) z.B. bei cerebralem Infarkt, MS<\/li><li>Erarbeiten und Ein\u00fcben von Kompensationsstrategien, z.B. bei Ged\u00e4chtnisschwierigkeiten<\/li><li>Beratung und Unterst\u00fctzung Betroffener und Angeh\u00f6riger im Umgang mit neuropsychologischen Funktionsst\u00f6rungen<\/li><li>Unterst\u00fctzung bei der Krankheitsverarbeitung z.B. bei Demenz, cerebralem Infarkt<\/li><\/ul>\n","protected":false},"excerpt":{"rendered":"<p>Bei der neuropsychologischen Therapie steht die Behandlung der beeintr\u00e4chtigten kognitiven Funktionen im Vordergrund, unter Ber\u00fccksichtigung und Einbezug der emotionalen und&hellip;<\/p>\n","protected":false},"author":1,"featured_media":0,"parent":0,"menu_order":0,"comment_status":"closed","ping_status":"closed","template":"","meta":{"footnotes":""},"class_list":["post-16","page","type-page","status-publish","hentry"],"_links":{"self":[{"href":"https:\/\/wp.marras.ch\/index.php\/wp-json\/wp\/v2\/pages\/16","targetHints":{"allow":["GET"]}}],"collection":[{"href":"https:\/\/wp.marras.ch\/index.php\/wp-json\/wp\/v2\/pages"}],"about":[{"href":"https:\/\/wp.marras.ch\/index.php\/wp-json\/wp\/v2\/types\/page"}],"author":[{"embeddable":true,"href":"https:\/\/wp.marras.ch\/index.php\/wp-json\/wp\/v2\/users\/1"}],"replies":[{"embeddable":true,"href":"https:\/\/wp.marras.ch\/index.php\/wp-json\/wp\/v2\/comments?post=16"}],"version-history":[{"count":1,"href":"https:\/\/wp.marras.ch\/index.php\/wp-json\/wp\/v2\/pages\/16\/revisions"}],"predecessor-version":[{"id":17,"href":"https:\/\/wp.marras.ch\/index.php\/wp-json\/wp\/v2\/pages\/16\/revisions\/17"}],"wp:attachment":[{"href":"https:\/\/wp.marras.ch\/index.php\/wp-json\/wp\/v2\/media?parent=16"}],"curies":[{"name":"wp","href":"https:\/\/api.w.org\/{rel}","templated":true}]}}